*g = -t - 10. Let u(f) = 5*f**2 - f + 9. Let i(z) = 2*z**2 + z + 5. Let v(w) = -7*i(w) + 3*u(w). Give v(t).
-8
Let m(u) be the first derivative of -u**4/2 + 2*u**3/3 + 2*u**2 + 2*u + 31. Let v be m(2). Let w(k) = 3*k - 3. What is w(v)?
3
Let c(z) = z + 2. Let t(l) = 3*l**2 + 14*l - 7. Let v(b) = -7*c(b) - t(b). Determine v(-7).
-7
Let s(a) = 12*a**3 - 2*a**2 + 1. Suppose -3*q = 2*b - 0*b - 14, 4*q - 4*b = -8. Suppose 9*l + q = 7*l. What is s(l)?
-13
Let f(z) = -5*z**3 - 6*z**2 + 7*z + 5. Let w(y) = 9*y**3 + 10*y**2 - 13*y - 9. Let o(j) = 11*f(j) + 6*w(j). What is o(-6)?
7
Let w(s) = 78*s - 57 - 22*s - 15*s - 20*s - 22*s. What is w(0)?
-57
Let g(v) = -2*v**2 - 2*v. Let d = 73 - 70. Give g(d).
-24
Let o(g) = g**2 + 9*g - 67. Let s be o(5). Let m(z) = z**2 - 4*z + 2. Calculate m(s).
-1
Let v(w) be the third derivative of 0 + 0*w + 8*w**2 + 1/60*w**5 + 0*w**4 - 11/6*w**3. Determine v(0).
-11
Let y(v) = 7*v + 3*v - 4*v**3 - 5*v**2 - 6*v. Let d(s) = -5*s**3 - 5*s**2 + 3*s. Let o(m) = 3*d(m) - 4*y(m). What is o(-6)?
6
Let x(w) = -3*w + 2*w + 2*w - 12 + 10. Calculate x(8).
6
Let n(k) be the third derivative of 0 + 4*k**2 + 1/60*k**5 - 2/3*k**3 + 0*k - 5/12*k**4. Determine n(9).
-13
Let d be -33*(-22)/6 + -2. Suppose -d + 42 = -11*b. Let j(u) = u**3 - 6*u**2 - 7*u - 6. Calculate j(b).
-6
Let m(u) = u + 4. Let z(o) = -o**3 - 4*o**2 - o + 16. Let g be z(-5). Let k = 52 - g. What is m(k)?
10
Let n = -26 + 35. Let t(l) = l**3 - 9*l**2 + 5. Give t(n).
5
Let u(z) = z + 4. Suppose 2*x = 4*x - 2*d + 12, -2*d = 8. Let j be u(x). Let n(k) = k**2 + 7*k. Determine n(j).
-6
Let t(w) = -17*w**2 + 2. Let l(q) be the second derivative of 0*q**3 - 2/3*q**4 - 4*q + 0 + 1/2*q**2. Let z(h) = 7*l(h) - 3*t(h). Give z(1).
-4
Let k(p) = -p**2 + 9*p - 6. Let d = 18 - 22. Let m(c) = -2*c - 2. Let f be m(d). Calculate k(f).
12
Suppose -5*b = -m - 0*m - 29, 2*b = -3*m + 15. Let t(g) = -2*g + 14. Determine t(b).
2
Suppose 0 = -56*c + 46 + 10. Let g(f) = 3*f**3 + 1. What is g(c)?
4
Let w(j) = j**3 - 4*j**2 - 8*j - 3. Let o(f) = -f**3 + 4*f**2 + 6*f + 3. Let q(g) = -5*o(g) - 4*w(g). What is q(3)?
-6
Suppose 4*a + u + 4 = 5*u, 5*a + 3*u - 11 = 0. Let q(f) be the second derivative of f**4/6 + f**3/6 + 3*f. Determine q(a).
3
Let c(h) be the third derivative of -h**5/60 + h**4/24 - 4*h**3/3 - 2*h**2. Let i(z) = -11*z - 88. Let q be i(-8). Determine c(q).
-8
Let g(p) be the second derivative of p**5/60 + p**4/24 - p**3 + 36*p**2 - 2*p + 54. Let v(s) be the first derivative of g(s). Let k = 7 + -12. Give v(k).
14
Let l(v) = -v**3 + v**2 + v + 2. Let r(p) = -4*p**3 + 2*p**2 + 7*p + 8. Let g(m) = -5*l(m) + r(m). What is g(3)?
4
Let x(q) = q**2. Suppose 3*j + o = -11, -j - o + 3*o - 6 = 0. Let u be (j/8)/(2/16). What is x(u)?
16
Suppose -1149*s + 180 = -1179*s. Let a(o) = 3 - 6 + 4*o - 6*o. What is a(s)?
9
Let k(g) = 2*g**3 + 2*g**2 - 1. Let q be k(1). Suppose 2*d - 26 = -2*z - q*z, -3*z - 3 = -5*d. Let y(u) = -u + u**2 + u - 5*u - z. Calculate y(5).
-4
Let f(m) = -m. Let x(p) = -3. Let j(d) = -2*f(d) - x(d). Let l be j(0). Let a be (l/6)/(2/28). Let o(b) = -b + 3. What is o(a)?
-4
Suppose 0 = 4*m + 20 - 4. Let r(w) = w**2 + 4*w + 5. Let l be r(m). Let p(k) = -k. Calculate p(l).
-5
Let i(a) = -3 + 9 + 2 + 2*a. Let z = -173 - -167. Calculate i(z).
-4
Let l(g) be the first derivative of g**4/4 - 7*g**3/3 + 4*g**2 - 8*g - 8. Suppose 4*z + 13 + 3 = 0. Let q = 10 + z. What is l(q)?
4
Suppose 21 = t + 2*t. Let a be -3 + 6/4 + 3/2. Let n(d) = -d + 8 + t*d + a*d - 7*d. Calculate n(0).
8
Let g(c) be the third derivative of -c**4/12 - 5*c**3/6 + 237*c**2. Calculate g(-5).
5
Let y be 1/(34/(-11) - -3). Let d be (-2)/(-4)*(y - -9). Let n(v) = 9*v. What is n(d)?
-9
Let l = 7 + -1. Let t(n) = -3 + 3*n - n - l + 1. Suppose -4*q - 10 + 34 = 0. Give t(q).
4
Let l(g) = -4*g**2 + 2 - 5 + 18*g + 1 - 15*g. What is l(2)?
-12
Let o(j) = 2*j - 24. Let a be o(13). Let b(n) = -9*n + 2 - 8 + 3*n**a - 4*n**2. Give b(-8).
2
Let s(i) = i**2 + 7*i + 5. Let m(q) = q**2 + 10*q - 10. Let o be m(-11). Let n be (30/12)/(o/(-2)). What is s(n)?
-5
Let l(t) = 2*t. Suppose -y - 288 = 3*h - 4*y, 0 = 2*h + 2*y + 196. Let q = 100 + h. Determine l(q).
6
Let a(k) = -4 + 7439*k - 14879*k + 7441*k. What is a(-4)?
-8
Let k(u) = u**2 - 7*u - 7. Let j be k(7). Let s be j/(-14)*38/1. Let a(i) = -i + i**2 - 2*i**2 - s*i**3 + 7*i**3. What is a(-1)?
12
Suppose 11*c = -4*c + 285. Suppose -s + 14 = c. Let t(k) = -4*k + 5*k - 7 - 2*k. Determine t(s).
-2
Let x(q) be the third derivative of -q**7/1680 - q**6/720 + q**5/4 + 19*q**2. Let l(j) be the third derivative of x(j). What is l(1)?
-4
Let k(o) = -2*o - 8. Let n(b) = -2*b - 8. Let v(i) = 5*k(i) - 4*n(i). Suppose 2*h = 13*u - 8*u + 34, 0 = -3*u + h - 20. Calculate v(u).
4
Let z(r) = -r**2 + 3*r**2 - 5*r + 3 + 1. Let i(l) = -112*l + 7060. Let y be i(63). Give z(y).
16
Let m = 14 + -8. Let d be (m/21)/((2/(-14))/(-1)). Let k(r) = -r**3 + 2*r**2 + r. Determine k(d).
2
Let r(g) = -g**2 - 6*g + 3. Let f(q) = 8*q + 2 + q**2 - 3*q**2 + 1 + 0*q**2. Let l be f(4). Suppose 4*j - l*j = -5. Give r(j).
8
Let r(k) = k + 7. Let s be r(-5). Let i(w) = 2 + 6*w - w**s + 1 - 7 + 0. Let h be i(4). Let l(g) = g**3 - 5*g**2 + 3*g + 4. Calculate l(h).
0
Suppose 7*g = -0*g + 21. Let i(c) = -5*c**3 + 2 - 2*c + 6*c**g + c - c**2. Give i(-2).
-8
Let r(k) be the third derivative of k**5/60 + 5*k**4/24 + k**3/2 - k**2 + 63. Calculate r(-4).
-1
Let l(i) = i + 4. Let y(x) = -x - 11. Let p be y(-4). Let a be (-1)/p + 2 + 39/21. Determine l(a).
8
Let q(g) = -54*g - 3*g**2 - 4 + 8*g**2 + 51*g - g**3. Give q(4).
0
Let q(z) = -z**3 - 2*z**2 + 4*z + 1. Let f be (10/12)/5*18 - 6. Calculate q(f).
-2
Suppose 0 = v - 2*s - 8, -v + 6 = s + 7. Let u(h) = -3*h + 2. Calculate u(v).
-4
Suppose 3*j + 6 = 0, w + j = -2*j - 6. Let l(g) = w*g - g + 4*g - 4*g. Let t(n) = n - 16. Let c be t(15). Give l(c).
1
Let n(a) = -a**2 + 4*a + 6. Let s(o) = 0 - 2*o - 3*o - 3*o**2 + o**2 - 5. Let r be s(-3). Let i(k) = -k**3 - 7*k**2 + 6*k - 10. Let g be i(r). What is n(g)?
-6
Suppose 0 = -49*f + 57*f + 8. Let j(g) = 7 - 7 + 6*g**2. Calculate j(f).
6
Let p(n) = -n**2 + 22*n - 78. Let u be p(18). Let t(a) = -2*a + 3. What is t(u)?
15
Let o(l) be the second derivative of -l**4/12 - 4*l**3/3 - 3*l**2/2 + l + 97. Determine o(-6).
9
Let d(k) = k + 11. Let c be d(-9). Let u(a) = -c*a + 1 + 3*a - 7*a**2 + 6*a**2 + 4*a**3. What is u(-1)?
-5
Let v be ((-11 - -1) + 0 + -2 + 2)/2. Let w(u) be the third derivative of -u**5/60 - 7*u**4/24 + u**3/6 + u**2. What is w(v)?
11
Suppose -3*v = -2*f + 14, v - 3*v + 3*f = 11. Let g(n) = 4*n - 9. Calculate g(v).
-25
Let q(x) = 19*x + 0*x**2 - 10*x - 10*x + 9*x**2. Calculate q(1).
8
Suppose 4*c - 301 = -297. Let l(f) = 13*f - 1. Let p(x) = 25*x - 1. Let t(a) = 11*l(a) - 6*p(a). Let u(b) = 3*b + 2. Let k(g) = 2*t(g) + 5*u(g). What is k(c)?
1
Let k(l) be the first derivative of -l**2/2 + 12*l - 105. Determine k(6).
6
Let f(j) be the second derivative of -1/6*j**3 - 7*j - 1/60*j**5 + 0 + 2*j**2 + 1/8*j**4. Let b(a) be the first derivative of f(a). What is b(4)?
-5
Let x(m) = -3 - 128*m + 59*m + 67*m. Determine x(4).
-11
Let h(x) = -x**3 - 5. Suppose -n - 154 = 5*u, 5*u - 3*n = u - 108. Let c be (-54)/(-5) + (-6)/u. Suppose -c*i = -16*i. Give h(i).
-5
Let m(n) be the second derivative of -n**3 + 9*n**2/2 - 2*n - 127. Give m(5).
-21
Let z(t) = -10*t**2 + 5*t. Let a(i) = 12*i**2 - 6*i. Let o(k) = -3*a(k) - 4*z(k). What is o(2)?
12
Let p(t) = t**3 - 6*t**2 + 3*t - 7. Let n(v) = -2*v + 13. Let z be n(4). Suppose 14*l = 13*l + z. Calculate p(l).
-17
Let n be 45/15*4/3. Let h(m) = 4*m**3 - 5*m**2 + 2*m - 3. Let i(w) = 3*w**3 - 5*w**2 + 3*w - 4. Let x(j) = 2*h(j) - 3*i(j). Calculate x(n).
2
Let r(y) = -6*y**2 - 8*y + 12. Let t = 92 + -91. Let q(g) = -g**2 + 1. Let k(l) = t*r(l) - 5*q(l). Determine k(-9).
-2
Let z be (252/35 + -6)/(9/30). Let c(g) be the third derivative of 0*g + 5*g**2 - g**3 - 1/12*g**z + 0. What is c(-4)?
2
Let j(w) be the first derivative of -8 - 4/3*w**3 + 6*w - 1/4*w**4 + 3*w**2. Calculate j(-5).
1
Let r = 15 + -1. Let n = r + -11. Let o(v) = 4*v - 2*v**n + v**3 + 6 + 4*v**3 + 5*v**2 - 2*v**3. Give o(-4).
6
Let a(i) be the second derivative of i**3/3 + 3*i**2/2 + i + 2. What is a(9)?
21
Let a(r) be the third derivati